{"id":48,"date":"2025-02-06T20:44:02","date_gmt":"2025-02-06T20:44:02","guid":{"rendered":"https:\/\/seia-ing.com\/wordpress_y\/?page_id=48"},"modified":"2025-04-26T13:14:46","modified_gmt":"2025-04-26T19:14:46","slug":"about","status":"publish","type":"page","link":"https:\/\/seia-ing.com\/index.php\/about\/","title":{"rendered":"\u00bfQui\u00e9nes somos?"},"content":{"rendered":"\n<p><em>Servicios Especializados de Ingenier\u00eda es una compa\u00f1\u00eda diversificada que cuenta con dos divisiones principales: una dedicada a Servicios Aeron\u00e1uticos y otra a Servicios para Elevadores y Escaleras Mec\u00e1nicas.<\/em><\/p>\n\n\n\n<p><em>La Divisi\u00f3n de Servicios Aeron\u00e1uticos cuenta con especialistas en Aeron\u00e1utica, Administraci\u00f3n de Empresas, Gesti\u00f3n Empresarial, Dise\u00f1o y Comunicaci\u00f3n Visual, as\u00ed como en Seguros para Empresas y bienes. Nuestro enfoque est\u00e1 en satisfacer las necesidades t\u00e9cnico-administrativas de la Industria Aeron\u00e1utica a nivel Nacional e Internacional.<\/em><\/p>\n\n\n\n<p><em>Nuestra Divisi\u00f3n de Servicios para Elevadores y Escaleras Mec\u00e1nicas est\u00e1 comprometida con satisfacer las demandas del sector de Elevadores y Escaleras Mec\u00e1nicas.<\/em><\/p>\n\n\n\n<p><\/p>\n\n\n\n<p><strong><em>Misi\u00f3n<\/em><\/strong><\/p>\n\n\n\n<p><em>Ofrecer servicios profesionales de consultor\u00eda y asesor\u00eda, destacando por la innovaci\u00f3n y creatividad. Nos comprometemos con la excelencia, la efectividad y el desarrollo de nuestro equipo, para generar valor agregado a nuestros clientes. Nuestro objetivo es satisfacer las necesidades de consultor\u00eda, asesor\u00eda t\u00e9cnica y servicios, entregando un producto de alta calidad y un servicio excepcional.<\/em><\/p>\n\n\n\n<p><\/p>\n\n\n\n<p><strong><em>Visi\u00f3n<\/em><\/strong><\/p>\n\n\n\n<p><em>Aspiramos a ser l\u00edderes en la prestaci\u00f3n de servicios de consultor\u00eda, asesor\u00eda t\u00e9cnica y servicios, desarrollando estrategias de negocio que respalden constantemente las necesidades de expansi\u00f3n de nuestros clientes.<\/em><\/p>\n\n\n\n<p><\/p>\n","protected":false},"excerpt":{"rendered":"<p>Servicios Especializados de Ingenier\u00eda es una compa\u00f1\u00eda diversificada que cuenta con dos divisiones principales: una dedicada a Servicios Aeron\u00e1uticos y otra a Servicios para Elevadores y Escaleras Mec\u00e1nicas. La Divisi\u00f3n de Servicios Aeron\u00e1uticos cuenta con especialistas en Aeron\u00e1utica, Administraci\u00f3n de Empresas, Gesti\u00f3n Empresarial, Dise\u00f1o y Comunicaci\u00f3n Visual, as\u00ed como en Seguros para Empresas y bienes. &hellip; <\/p>\n<p class=\"link-more\"><a href=\"https:\/\/seia-ing.com\/index.php\/about\/\" class=\"more-link\">Continue reading<span class=\"screen-reader-text\"> &#8220;\u00bfQui\u00e9nes somos?&#8221;<\/span><\/a><\/p>\n","protected":false},"author":1,"featured_media":100,"parent":0,"menu_order":0,"comment_status":"closed","ping_status":"closed","template":"","meta":{"footnotes":""},"class_list":["post-48","page","type-page","status-publish","has-post-thumbnail","hentry"],"_links":{"self":[{"href":"https:\/\/seia-ing.com\/index.php\/wp-json\/wp\/v2\/pages\/48","targetHints":{"allow":["GET"]}}],"collection":[{"href":"https:\/\/seia-ing.com\/index.php\/wp-json\/wp\/v2\/pages"}],"about":[{"href":"https:\/\/seia-ing.com\/index.php\/wp-json\/wp\/v2\/types\/page"}],"author":[{"embeddable":true,"href":"https:\/\/seia-ing.com\/index.php\/wp-json\/wp\/v2\/users\/1"}],"replies":[{"embeddable":true,"href":"https:\/\/seia-ing.com\/index.php\/wp-json\/wp\/v2\/comments?post=48"}],"version-history":[{"count":5,"href":"https:\/\/seia-ing.com\/index.php\/wp-json\/wp\/v2\/pages\/48\/revisions"}],"predecessor-version":[{"id":359,"href":"https:\/\/seia-ing.com\/index.php\/wp-json\/wp\/v2\/pages\/48\/revisions\/359"}],"wp:featuredmedia":[{"embeddable":true,"href":"https:\/\/seia-ing.com\/index.php\/wp-json\/wp\/v2\/media\/100"}],"wp:attachment":[{"href":"https:\/\/seia-ing.com\/index.php\/wp-json\/wp\/v2\/media?parent=48"}],"curies":[{"name":"wp","href":"https:\/\/api.w.org\/{rel}","templated":true}]}}